rs of 8194779293.
8194779293
What are the prime factors of 16411700?
2, 5, 164117
What are the prime factors of 2162619084?
2, 3, 47, 3834431
List the prime factors of 42188213.
42188213
What are the prime factors of 347956670?
2, 5, 1117, 31151
What are the prime factors of 12985076?
2, 13, 17, 37, 397
List the prime factors of 422181263.
7, 929, 64921
List the prime factors of 59893026.
2, 3, 9982171
What are the prime factors of 169185691?
8161, 20731
List the prime factors of 7662982.
2, 41, 113, 827
What are the prime factors of 133113483?
3, 4930129
What are the prime factors of 57710976?
2, 3, 137, 1097
What are the prime factors of 5523842595?
3, 5, 109, 3378497
List the prime factors of 35456203.
17, 2085659
List the prime factors of 126407269.
126407269
List the prime factors of 1419343344.
2, 3, 3285517
What are the prime factors of 37869967?
743, 50969
List the prime factors of 68241999.
3, 7, 41, 79259
What are the prime factors of 4225657659?
3, 1408552553
What are the prime factors of 158589138?
2, 3, 1453, 18191
List the prime factors of 3473477.
7, 496211
List the prime factors of 65014826.
2, 32507413
List the prime factors of 1453657491.
3, 11, 13, 19, 59447
What are the prime factors of 986793995?
5, 11, 17941709
What are the prime factors of 221517239?
991, 223529
List the prime factors of 160077164.
2, 13, 443, 6949
List the prime factors of 491933437.
17, 28937261
What are the prime factors of 162654673?
941, 172853
List the prime factors of 84731452.
2, 13, 1629451
What are the prime factors of 395944189?
73, 367, 14779
What are the prime factors of 49850538?
2, 3, 8308423
What are the prime factors of 468793578?
2, 3, 11, 7102933
List the prime factors of 20448359.
61, 101, 3319
What are the prime factors of 115572607?
115572607
What are the prime factors of 3173036?
2, 31, 25589
List the prime factors of 634919198.
2, 1747, 181717
What are the prime factors of 3024005942?
2, 59, 2707, 9467
What are the prime factors of 1201585126?
2, 7, 17, 296981
What are the prime factors of 438175529?
11, 29, 1373591
What are the prime factors of 1521797468?
2, 380449367
List the prime factors of 179207696.
2, 19, 139, 4241
What are the prime factors of 2161347433?
7, 4637, 66587
What are the prime factors of 1926768864?
2, 3, 20070509
What are the prime factors of 2515981519?
2515981519
List the prime factors of 4725509263.
67, 4079, 17291
What are the prime factors of 53048649?
3, 23, 33427
What are the prime factors of 1764542471?
937, 1883183
What are the prime factors of 332465744?
2, 13, 29, 55117
List the prime factors of 17119238.
2, 17, 163, 3089
What are the prime factors of 23525512?
2, 2940689
List the prime factors of 94608972.
2, 3, 107, 2729
What are the prime factors of 106790978?
2, 7, 23, 41, 8089
What are the prime factors of 127405397?
7, 18200771
List the prime factors of 64232346.
2, 3, 10705391
What are the prime factors of 43589260?
2, 5, 11, 13, 15241
What are the prime factors of 1600153767?
3, 71, 2504153
List the prime factors of 121084709.
431, 280939
What are the prime factors of 703438225?
5, 7, 4019647
What are the prime factors of 270897142?
2, 17, 353, 22571
List the prime factors of 27097912.
2, 37, 43, 2129
What are the prime factors of 6275002862?
2, 71, 44190161
What are the prime factors of 43210070?
2, 5, 113, 38239
What are the prime factors of 2939406517?
409, 7186813
What are the prime factors of 580399082?
2, 89, 3260669
What are the prime factors of 28926274?
2, 13, 1112549
What are the prime factors of 30548526?
2, 3, 41, 124181
List the prime factors of 51196718.
2, 107, 239237
List the prime factors of 5525150127.
3, 7, 17, 15476611
List the prime factors of 171873317.
7, 11, 73, 30577
List the prime factors of 227005311.
3, 13, 877, 6637
What are the prime factors of 334498142?
2, 11, 15204461
List the prime factors of 36701827.
17, 2158931
List the prime factors of 100810368.
2, 3, 87509
What are the prime factors of 28151242?
2, 7, 617, 3259
List the prime factors of 311901726.
2, 3, 31, 1676891
List the prime factors of 163081360.
2, 5, 13, 233, 673
What are the prime factors of 2144221900?
2, 5, 17, 977, 1291
What are the prime factors of 129159636?
2, 3, 10763303
List the prime factors of 23117604.
2, 3, 19, 41, 2473
What are the prime factors of 25025248?
2, 317, 2467
What are the prime factors of 2419765973?
2419765973
List the prime factors of 1999348283.
19, 105228857
List the prime factors of 49387022.
2, 1801, 13711
List the prime factors of 105210149.
11, 2467, 3877
What are the prime factors of 1585003154?
2, 7, 31, 3652081
List the prime factors of 2764838829.
3, 17333, 53171
List the prime factors of 870981446.
2, 435490723
What are the prime factors of 109504069?
109504069
What are the prime factors of 363314238?
2, 3, 7, 19, 307, 1483
What are the prime factors of 1768164287?
4567, 387161
List the prime factors of 199032378.
2, 3, 3701, 8963
What are the prime factors of 487270272?
2, 3, 23, 55171
What are the prime factors of 1051112516?
2, 17, 15457537
List the prime factors of 3913935391.
53681, 72911
List the prime factors of 316929150.
2, 3, 5, 704287
What are the prime factors of 105373739?
105373739
List the prime factors of 100152988.
2, 13, 1926019
What are the prime factors of 1003693?
1003693
List the prime factors of 927025079.
17, 54530887
What are the prime factors of 3522552655?
5, 8269, 85199
What are the prime factors of 467744988?
2, 3, 31, 239, 5261
List the prime factors of 760653101.
13, 43, 211, 6449
List the prime factors of 52344718.
2, 131, 241, 829
What are the prime factors of 297590421?
3, 31, 379, 8443
List the prime factors of 120927790.
2, 5, 23, 525773
What are the prime factors of 15233101?
13, 53, 22109
List the prime factors of 146985539.
19, 31, 61, 4091
List the prime factors of 11061916.
2, 31, 89209
What are the prime factors of 5098394107?
23, 221669309
What are the prime factors of 210093001?
751, 279751
List the prime factors of 1569779626.
2, 17, 167, 276467
List the prime factors of 523946603.
19, 37, 745301
What are the prime factors of 6657451958?
2, 37, 47, 829, 2309
What are the prime factors of 234957791?
863, 272257
What are the prime factors of 6165204386?
2, 11, 280236563
What are the prime factors of 148582218?
2, 3, 433, 57191
What are the prime factors of 9862904?
2, 137, 8999
What are the prime factors of 1535233943?
17, 90307879
What are the prime factors of 60614555?
5, 1259, 9629
What are the prime factors of 139946409?
3, 103, 150967
List the prime factors of 1180405812.
2, 3, 17, 251, 23053
What are the prime factors of 44292885?
3, 5, 7, 13, 37, 877
What are the prime factors of 149378307?
3, 13, 23, 241, 691
List the prime factors of 653555655.
3, 5, 4841153
List the prime factors of 368024057.
43, 1481, 5779
What are the prime factors of 210415077?
3, 233, 11149
List the prime factors of 42206737.
89, 97, 4889
List the prime factors of 827013551.
7, 13, 19, 47, 10177
List the prime factors of 264135020.
2, 5, 3433, 3847
List the prime factors of 1067604697.
37, 28854181
What are the prime factors of 70461421?
67, 1051663
What are the prime factors of 1229913062?
2, 7, 1117, 78649
List the prime factors of 452500989.
3, 61, 2472683
List the prime factors of 1376567876.
2, 383, 898543
What are the prime factors of 497438138?
2, 37, 6722137
What are the prime factors of 11826302?
2, 163, 36277
List the prime factors of 69334128.
2, 3, 29, 16603
What are the prime factors of 19906250?
2, 5, 7, 13
What are the prime factors of 1325944069?
1325944069
List the prime factors of 6131403608.
2, 11, 69675041
List the prime factors of 3863475124.
2, 19, 50835199
What are the prime factors of 95447083?
47, 2030789
What are the prime factors of 437006085?
3, 5, 41, 197, 3607
What are the prime factors of 106480390?
2, 5, 2857, 3727
What are the prime factors of 1484315761?
1484315761
What are the prime factors of 259436006?
2, 97, 1337299
What are the prime factors of 151800380?
2, 5, 7590019
What are the prime factors of 45317863?
2777, 16319
List the prime factors of 32224990.
2, 5, 7, 67, 6871
List the prime factors of 27032725.
5, 19, 56911
List the prime factors of 20717519.
131, 167, 947
List the prime fact